{"id":2918,"date":"2021-05-19T12:14:18","date_gmt":"2021-05-19T12:14:18","guid":{"rendered":"https:\/\/lorenzuttirurales.com.ar\/tienda\/?post_type=product&#038;p=2918"},"modified":"2026-04-12T08:37:17","modified_gmt":"2026-04-12T08:37:17","slug":"cortadora-de-cesped-1400w-g4943ar","status":"publish","type":"product","link":"https:\/\/lorenzuttirurales.com.ar\/tienda\/producto\/cortadora-de-cesped-1400w-g4943ar\/","title":{"rendered":"Cortadora de C\u00e9sped 1400W &#8211; G4943AR"},"content":{"rendered":"<ul>\n<li>Posee bolsa colectora.<\/li>\n<li>Potente motor de 1400 W.<\/li>\n<li>Parada de seguridad con empu\u00f1adura o barra de seguridad.<\/li>\n<\/ul>\n<table width=\"811\">\n<tbody>\n<tr>\n<td width=\"387\">Alimentaci\u00f3n:<\/td>\n<td width=\"387\">220 VCA &#8211; 50Hz<\/td>\n<\/tr>\n<tr>\n<td width=\"387\">Ancho de Corte:<\/td>\n<td width=\"387\">370mm<\/td>\n<\/tr>\n<tr>\n<td width=\"387\">Potencia Sonora:<\/td>\n<td width=\"387\">96 dB (A)<\/td>\n<\/tr>\n<tr>\n<td width=\"387\">Compuesto por bolsa colectora.<\/td>\n<td width=\"387\"><\/td>\n<\/tr>\n<tr>\n<td width=\"387\">Peso:<\/td>\n<td width=\"387\">10,36 kg<\/td>\n<\/tr>\n<\/tbody>\n<\/table>\n<p>De uso dom\u00e9stico para cortar el jard\u00edn.<\/p>\n","protected":false},"excerpt":{"rendered":"<p>Esta cortadora de c\u00e9sped fue dise\u00f1ada para uso dom\u00e9stico. Ideal para cortar el c\u00e9sped del hogar.<\/p>\n","protected":false},"featured_media":2919,"comment_status":"open","ping_status":"closed","template":"","meta":{"_joinchat":[]},"product_cat":[88,85],"product_tag":[],"_links":{"self":[{"href":"https:\/\/lorenzuttirurales.com.ar\/tienda\/wp-json\/wp\/v2\/product\/2918"}],"collection":[{"href":"https:\/\/lorenzuttirurales.com.ar\/tienda\/wp-json\/wp\/v2\/product"}],"about":[{"href":"https:\/\/lorenzuttirurales.com.ar\/tienda\/wp-json\/wp\/v2\/types\/product"}],"replies":[{"embeddable":true,"href":"https:\/\/lorenzuttirurales.com.ar\/tienda\/wp-json\/wp\/v2\/comments?post=2918"}],"wp:featuredmedia":[{"embeddable":true,"href":"https:\/\/lorenzuttirurales.com.ar\/tienda\/wp-json\/wp\/v2\/media\/2919"}],"wp:attachment":[{"href":"https:\/\/lorenzuttirurales.com.ar\/tienda\/wp-json\/wp\/v2\/media?parent=2918"}],"wp:term":[{"taxonomy":"product_cat","embeddable":true,"href":"https:\/\/lorenzuttirurales.com.ar\/tienda\/wp-json\/wp\/v2\/product_cat?post=2918"},{"taxonomy":"product_tag","embeddable":true,"href":"https:\/\/lorenzuttirurales.com.ar\/tienda\/wp-json\/wp\/v2\/product_tag?post=2918"}],"curies":[{"name":"wp","href":"https:\/\/api.w.org\/{rel}","templated":true}]}}