{"id":3426,"date":"2023-03-13T13:32:22","date_gmt":"2023-03-13T13:32:22","guid":{"rendered":"https:\/\/lorenzuttirurales.com.ar\/tienda\/?post_type=product&#038;p=3426"},"modified":"2023-03-13T13:32:23","modified_gmt":"2023-03-13T13:32:23","slug":"hoyadora-52-cc","status":"publish","type":"product","link":"https:\/\/lorenzuttirurales.com.ar\/tienda\/producto\/hoyadora-52-cc\/","title":{"rendered":"Hoyadora 52 cc"},"content":{"rendered":"<section class=\"my-8\">\n<h2 class=\"text-2xl font-bold mb-2 underline-orange\">Ficha T\u00e9cnica<\/h2>\n<ul>\n<li class=\"flex items-start justify-between\">Motor<span class=\"text-orange-500 font-mono text-right\">2 tiempos<\/span><\/li>\n<li class=\"flex items-start justify-between\">Cilindrada<span class=\"text-orange-500 font-mono text-right\">51,7 cc<\/span><\/li>\n<li class=\"flex items-start justify-between\">Potencia<span class=\"text-orange-500 font-mono text-right\">1,95 kW<\/span><\/li>\n<li class=\"flex items-start justify-between\">Tanque de combustible<span class=\"text-orange-500 font-mono text-right\">1,25 L<\/span><\/li>\n<li class=\"flex items-start justify-between\">Reducci\u00f3n<span class=\"text-orange-500 font-mono text-right\">47,5:1<\/span><\/li>\n<li class=\"flex items-start justify-between\">Peso<span class=\"text-orange-500 font-mono text-right\">10 kg (sin broca)<\/span><\/li>\n<li class=\"flex items-start justify-between\">Freno de Seguridad<\/li>\n<li class=\"flex items-start justify-between\">Transmisi\u00f3n por Caja de engranajes con Embrague Centr\u00edfugo<\/li>\n<\/ul>\n<\/section>\n<section class=\"my-8\">\n<h2 class=\"text-2xl font-bold underline-orange mb-2\">Accesorios Opcionales<\/h2>\n<ul class=\"bullet-list\">\n<li>Broca \u00f8 200mm x 800mm<\/li>\n<li>Broca \u00f8 120mm x 800mm<\/li>\n<li>Prolongador de 500mm de longitud<\/li>\n<\/ul>\n<\/section>\n","protected":false},"excerpt":{"rendered":"<p>Hoyadora CEA 520<\/p>\n<p>Con el perforador de esta hoyadora podr\u00e1 intercambiar varios barrenos de distintos di\u00e1metros solo retirando una chaveta o tambi\u00e9n incorporar un barreno plantador que no compacte el terreno. Esta posee un freno que se activa solo con la pierna y un sistema anti vibratorio que evita la incomodidad de las vibraciones del motor (Barrenos se venden por separado). Es una c\u00f3moda hoyadora de un s\u00f3lo operario para hacer hoyos de hasta 200 mm de di\u00e1metro. Esta equipada con un potente motor 52cc de bajas emisiones. Adem\u00e1s, tiene las vibraciones reducidas. Cuenta con un freno de barrena QuickStop, que interrumpe la transmisi\u00f3n de fuerza cuando la barrena se atasca. Sirve para una gran variedad de tareas, desde peque\u00f1as perforaciones hasta toma de muestras del suelo.<\/p>\n","protected":false},"featured_media":3425,"comment_status":"open","ping_status":"closed","template":"","meta":{"_joinchat":[]},"product_cat":[89],"product_tag":[],"_links":{"self":[{"href":"https:\/\/lorenzuttirurales.com.ar\/tienda\/wp-json\/wp\/v2\/product\/3426"}],"collection":[{"href":"https:\/\/lorenzuttirurales.com.ar\/tienda\/wp-json\/wp\/v2\/product"}],"about":[{"href":"https:\/\/lorenzuttirurales.com.ar\/tienda\/wp-json\/wp\/v2\/types\/product"}],"replies":[{"embeddable":true,"href":"https:\/\/lorenzuttirurales.com.ar\/tienda\/wp-json\/wp\/v2\/comments?post=3426"}],"wp:featuredmedia":[{"embeddable":true,"href":"https:\/\/lorenzuttirurales.com.ar\/tienda\/wp-json\/wp\/v2\/media\/3425"}],"wp:attachment":[{"href":"https:\/\/lorenzuttirurales.com.ar\/tienda\/wp-json\/wp\/v2\/media?parent=3426"}],"wp:term":[{"taxonomy":"product_cat","embeddable":true,"href":"https:\/\/lorenzuttirurales.com.ar\/tienda\/wp-json\/wp\/v2\/product_cat?post=3426"},{"taxonomy":"product_tag","embeddable":true,"href":"https:\/\/lorenzuttirurales.com.ar\/tienda\/wp-json\/wp\/v2\/product_tag?post=3426"}],"curies":[{"name":"wp","href":"https:\/\/api.w.org\/{rel}","templated":true}]}}