{"id":3782,"date":"2024-12-19T15:06:25","date_gmt":"2024-12-19T15:06:25","guid":{"rendered":"https:\/\/lorenzuttirurales.com.ar\/tienda\/?post_type=product&#038;p=3782"},"modified":"2026-04-04T23:13:26","modified_gmt":"2026-04-04T23:13:26","slug":"fogonero-olimpo-premium","status":"publish","type":"product","link":"https:\/\/lorenzuttirurales.com.ar\/tienda\/producto\/fogonero-olimpo-premium\/","title":{"rendered":"Fogonero Olimpo Premium"},"content":{"rendered":"","protected":false},"excerpt":{"rendered":"<p style=\"font-weight: 400;\">Inspirado en la morada de los dioses griegos, simbolizando la excelencia y la grandeza. La calidad y la elegancia se fusionan en el <i>Olimpo Premium<\/i>.<\/p>\n<p style=\"font-weight: 400;\">Fabricado con precisi\u00f3n artesanal y dise\u00f1ado para destacar, es mucho m\u00e1s que un accesorio de cocina, es una declaraci\u00f3n de estilo y buen gusto.<\/p>\n<p style=\"font-weight: 400;\"><b>Incluye:<\/b><\/p>\n<p style=\"font-weight: 400;\"><span style=\"font-weight: 500;\">-Parrilla de hierro, semicircular desmontable. Corte l\u00e1ser 3.2 mm. Di\u00e1metro interno 1,20m. (Representa 1\/3 del di\u00e1metro total del fogonero)<\/span><\/p>\n<p style=\"font-weight: 400;\"><span style=\"font-weight: 500;\">-Brasero para fuego (30 cm. de di\u00e1metro x 30 cm de alto). Corte l\u00e1ser 3.2 mm.<\/span><\/p>\n<p style=\"font-weight: 400;\"><span style=\"font-weight: 500;\">-Estructura de Hierro dise\u00f1ada especialmente para trasladar el fogonero y ser funcional como soporte para tabla de asador + tabla de asador de Eucalipto: 90 x 30 cm. Alistonado y ensamblado en alta presi\u00f3n con diferentes tonalidades.<\/span><\/p>\n<p style=\"font-weight: 400;\"><span style=\"font-weight: 500;\">-Estaca Cruz &#8211; 70 x 50 cm, rebatible de 3 posiciones.<\/span><\/p>\n<p style=\"font-weight: 400;\"><span style=\"font-weight: 500;\">-Plancheta de hierro, semicircular desmontable. \u00a0Corte l\u00e1ser 3,2mm. Di\u00e1metro interno 1,20m. (Representa 1\/6 del di\u00e1metro interno del fogonero)<\/span><\/p>\n<p style=\"font-weight: 400;\"><span style=\"font-weight: 500;\">&#8211; 2 Ruedas Met\u00e1licas + 1 pata fija de hierro.<\/span><\/p>\n<p style=\"font-weight: 400;\"><span style=\"font-weight: 500;\">-Pintura: negro mate.<\/span><\/p>\n<p style=\"font-weight: 400;\"><b>Caracter\u00edsticas:\u00a0<\/b><\/p>\n<p style=\"font-weight: 400;\"><span style=\"font-weight: 500;\">-Fogonero circular constru\u00eddo en chapa de 1\/8\u00a0 (3.2 mm) reforzado en la parte inferior del disco con una estructura de ca\u00f1o de 0.30 x 0.30 mts.<\/span><\/p>\n<p style=\"font-weight: 400;\"><span style=\"font-weight: 500;\">-Medidas: 80 cm. de alto, 1.20 mts. de di\u00e1metro, 20 cm. de profundidad.<\/span><\/p>\n","protected":false},"featured_media":3783,"comment_status":"open","ping_status":"closed","template":"","meta":{"_joinchat":[]},"product_cat":[141],"product_tag":[],"_links":{"self":[{"href":"https:\/\/lorenzuttirurales.com.ar\/tienda\/wp-json\/wp\/v2\/product\/3782"}],"collection":[{"href":"https:\/\/lorenzuttirurales.com.ar\/tienda\/wp-json\/wp\/v2\/product"}],"about":[{"href":"https:\/\/lorenzuttirurales.com.ar\/tienda\/wp-json\/wp\/v2\/types\/product"}],"replies":[{"embeddable":true,"href":"https:\/\/lorenzuttirurales.com.ar\/tienda\/wp-json\/wp\/v2\/comments?post=3782"}],"wp:featuredmedia":[{"embeddable":true,"href":"https:\/\/lorenzuttirurales.com.ar\/tienda\/wp-json\/wp\/v2\/media\/3783"}],"wp:attachment":[{"href":"https:\/\/lorenzuttirurales.com.ar\/tienda\/wp-json\/wp\/v2\/media?parent=3782"}],"wp:term":[{"taxonomy":"product_cat","embeddable":true,"href":"https:\/\/lorenzuttirurales.com.ar\/tienda\/wp-json\/wp\/v2\/product_cat?post=3782"},{"taxonomy":"product_tag","embeddable":true,"href":"https:\/\/lorenzuttirurales.com.ar\/tienda\/wp-json\/wp\/v2\/product_tag?post=3782"}],"curies":[{"name":"wp","href":"https:\/\/api.w.org\/{rel}","templated":true}]}}